{"id":3910,"date":"2026-04-01T15:15:55","date_gmt":"2026-04-01T13:15:55","guid":{"rendered":"https:\/\/zenasnisolutions.com\/?post_type=product&#038;p=3910"},"modified":"2026-04-01T15:15:55","modified_gmt":"2026-04-01T13:15:55","slug":"zenai-personal-assistant-assistant-personnel-ia-2","status":"publish","type":"product","link":"https:\/\/zenasnisolutions.com\/?product=zenai-personal-assistant-assistant-personnel-ia-2","title":{"rendered":"ZenAI Personal Assistant \u2014 Assistant personnel IA"},"content":{"rendered":"<p>Ce plugin transforme votre tableau de bord WordPress en v\u00e9ritable assistant personnel aliment\u00e9 par l\u2019IA. G\u00e9rez vos t\u00e2ches quotidiennes, notes et rappels depuis une interface conviviale int\u00e9gr\u00e9e \u00e0 WordPress. ZenAI Personal Assistant propose des suggestions intelligentes, une planification automatis\u00e9e et des rappels contextuels pour ne rien oublier. L\u2019int\u00e9gration avec WooCommerce et d\u2019autres services vous permet de suivre vos commandes et activit\u00e9s en temps r\u00e9el. Mettez de l\u2019ordre dans votre organisation et gagnez du temps gr\u00e2ce \u00e0 cet assistant IA personnalis\u00e9.<\/p>\n","protected":false},"excerpt":{"rendered":"<p>Ce plugin transforme votre tableau de bord WordPress en v\u00e9ritable assistant personnel aliment\u00e9 par l\u2019IA. G\u00e9rez vos t\u00e2ches quotidiennes, notes et rappels depuis une interface conviviale int\u00e9gr\u00e9e \u00e0 WordPress. ZenAI Personal Assistant propose des suggestions intelligentes, une planification automatis\u00e9e et des rappels contextuels pour ne rien oublier. L\u2019int\u00e9gration avec WooCommerce et d\u2019autres services vous permet [&hellip;]<\/p>\n","protected":false},"featured_media":3911,"comment_status":"open","ping_status":"closed","template":"","meta":[],"product_brand":[],"product_cat":[68],"product_tag":[],"class_list":{"0":"post-3910","1":"product","2":"type-product","3":"status-publish","4":"has-post-thumbnail","6":"product_cat-plugins-ia","8":"first","9":"instock","10":"downloadable","11":"virtual","12":"purchasable","13":"product-type-simple"},"_links":{"self":[{"href":"https:\/\/zenasnisolutions.com\/index.php?rest_route=\/wp\/v2\/product\/3910","targetHints":{"allow":["GET"]}}],"collection":[{"href":"https:\/\/zenasnisolutions.com\/index.php?rest_route=\/wp\/v2\/product"}],"about":[{"href":"https:\/\/zenasnisolutions.com\/index.php?rest_route=\/wp\/v2\/types\/product"}],"replies":[{"embeddable":true,"href":"https:\/\/zenasnisolutions.com\/index.php?rest_route=%2Fwp%2Fv2%2Fcomments&post=3910"}],"wp:featuredmedia":[{"embeddable":true,"href":"https:\/\/zenasnisolutions.com\/index.php?rest_route=\/wp\/v2\/media\/3911"}],"wp:attachment":[{"href":"https:\/\/zenasnisolutions.com\/index.php?rest_route=%2Fwp%2Fv2%2Fmedia&parent=3910"}],"wp:term":[{"taxonomy":"product_brand","embeddable":true,"href":"https:\/\/zenasnisolutions.com\/index.php?rest_route=%2Fwp%2Fv2%2Fproduct_brand&post=3910"},{"taxonomy":"product_cat","embeddable":true,"href":"https:\/\/zenasnisolutions.com\/index.php?rest_route=%2Fwp%2Fv2%2Fproduct_cat&post=3910"},{"taxonomy":"product_tag","embeddable":true,"href":"https:\/\/zenasnisolutions.com\/index.php?rest_route=%2Fwp%2Fv2%2Fproduct_tag&post=3910"}],"curies":[{"name":"wp","href":"https:\/\/api.w.org\/{rel}","templated":true}]}}