{"id":3881,"date":"2026-04-01T04:19:37","date_gmt":"2026-04-01T02:19:37","guid":{"rendered":"https:\/\/zenasnisolutions.com\/?post_type=product&#038;p=3881"},"modified":"2026-04-01T04:19:37","modified_gmt":"2026-04-01T02:19:37","slug":"zenai-support-ticket-predictor-predicteur-de-priorites-ia","status":"publish","type":"product","link":"https:\/\/zenasnisolutions.com\/?product=zenai-support-ticket-predictor-predicteur-de-priorites-ia","title":{"rendered":"ZenAI Support Ticket Predictor \u2014 Pr\u00e9dicteur de priorit\u00e9s IA"},"content":{"rendered":"<p>Am\u00e9liorez la gestion de vos tickets avec le plugin ZenAI Support Ticket Predictor. Gr\u00e2ce \u00e0 l&rsquo;intelligence artificielle, ce plugin analyse le contenu de chaque demande et pr\u00e9dit son niveau de priorit\u00e9 (urgent, \u00e9lev\u00e9, normal). Vous pouvez ainsi g\u00e9rer vos files d&rsquo;attente plus efficacement en traitant d&rsquo;abord les tickets les plus critiques.<\/p>\n<p>Fonctionnalit\u00e9s cl\u00e9s\u00a0:<br \/>\n\u2022 Analyse s\u00e9mantique des tickets et classification automatique des priorit\u00e9s.<br \/>\n\u2022 Tableau de bord r\u00e9capitulatif des demandes par niveau d&rsquo;urgence.<br \/>\n\u2022 Suggestions d&rsquo;actions rapides et r\u00e9ponses mod\u00e8les.<br \/>\n\u2022 Int\u00e9gration facile avec votre syst\u00e8me de support existant.<\/p>\n<p>Avec ZenAI Support Ticket Predictor, vous am\u00e9liorez votre temps de r\u00e9ponse, optimisez les ressources et augmentez la satisfaction de vos clients.<\/p>\n","protected":false},"excerpt":{"rendered":"<p>Am\u00e9liorez la gestion de vos tickets avec le plugin ZenAI Support Ticket Predictor. Gr\u00e2ce \u00e0 l&rsquo;intelligence artificielle, ce plugin analyse le contenu de chaque demande et pr\u00e9dit son niveau de priorit\u00e9 (urgent, \u00e9lev\u00e9, normal). Vous pouvez ainsi g\u00e9rer vos files d&rsquo;attente plus efficacement en traitant d&rsquo;abord les tickets les plus critiques. Fonctionnalit\u00e9s cl\u00e9s\u00a0: \u2022 Analyse [&hellip;]<\/p>\n","protected":false},"featured_media":0,"comment_status":"open","ping_status":"closed","template":"","meta":[],"product_brand":[],"product_cat":[68],"product_tag":[],"class_list":{"0":"post-3881","1":"product","2":"type-product","3":"status-publish","5":"product_cat-plugins-ia","7":"first","8":"instock","9":"shipping-taxable","10":"purchasable","11":"product-type-simple"},"_links":{"self":[{"href":"https:\/\/zenasnisolutions.com\/index.php?rest_route=\/wp\/v2\/product\/3881","targetHints":{"allow":["GET"]}}],"collection":[{"href":"https:\/\/zenasnisolutions.com\/index.php?rest_route=\/wp\/v2\/product"}],"about":[{"href":"https:\/\/zenasnisolutions.com\/index.php?rest_route=\/wp\/v2\/types\/product"}],"replies":[{"embeddable":true,"href":"https:\/\/zenasnisolutions.com\/index.php?rest_route=%2Fwp%2Fv2%2Fcomments&post=3881"}],"wp:attachment":[{"href":"https:\/\/zenasnisolutions.com\/index.php?rest_route=%2Fwp%2Fv2%2Fmedia&parent=3881"}],"wp:term":[{"taxonomy":"product_brand","embeddable":true,"href":"https:\/\/zenasnisolutions.com\/index.php?rest_route=%2Fwp%2Fv2%2Fproduct_brand&post=3881"},{"taxonomy":"product_cat","embeddable":true,"href":"https:\/\/zenasnisolutions.com\/index.php?rest_route=%2Fwp%2Fv2%2Fproduct_cat&post=3881"},{"taxonomy":"product_tag","embeddable":true,"href":"https:\/\/zenasnisolutions.com\/index.php?rest_route=%2Fwp%2Fv2%2Fproduct_tag&post=3881"}],"curies":[{"name":"wp","href":"https:\/\/api.w.org\/{rel}","templated":true}]}}