{"id":3850,"date":"2026-04-01T01:18:28","date_gmt":"2026-03-31T23:18:28","guid":{"rendered":"https:\/\/zenasnisolutions.com\/?post_type=product&#038;p=3850"},"modified":"2026-04-01T18:47:46","modified_gmt":"2026-04-01T16:47:46","slug":"zenai-woo-describer-plugin-ia-pour-descriptions-woocommerce","status":"publish","type":"product","link":"https:\/\/zenasnisolutions.com\/?product=zenai-woo-describer-plugin-ia-pour-descriptions-woocommerce","title":{"rendered":"ZenAI Woo Describer \u2014 Plugin IA pour descriptions WooCommerce"},"content":{"rendered":"<p>Ce plugin WordPress permet de g\u00e9n\u00e9rer automatiquement des descriptions compl\u00e8tes et persuasives pour vos produits WooCommerce en utilisant l\u2019intelligence artificielle. Apr\u00e8s avoir install\u00e9 et activ\u00e9 le plugin, saisissez votre cl\u00e9 API OpenAI et choisissez un produit pour g\u00e9n\u00e9rer sa description. Le plugin ajoute une page dans WooCommerce o\u00f9 vous pouvez renseigner l\u2019ID produit. Il cr\u00e9e une description pertinente en quelques secondes et l\u2019enregistre directement dans votre fiche produit. Id\u00e9al pour gagner du temps et am\u00e9liorer la qualit\u00e9 de vos fiches.<\/p>\n","protected":false},"excerpt":{"rendered":"<p>Ce plugin WordPress permet de g\u00e9n\u00e9rer automatiquement des descriptions compl\u00e8tes et persuasives pour vos produits WooCommerce en utilisant l\u2019intelligence artificielle. Apr\u00e8s avoir install\u00e9 et activ\u00e9 le plugin, saisissez votre cl\u00e9 API OpenAI et choisissez un produit pour g\u00e9n\u00e9rer sa description. Le plugin ajoute une page dans WooCommerce o\u00f9 vous pouvez renseigner l\u2019ID produit. Il cr\u00e9e [&hellip;]<\/p>\n","protected":false},"featured_media":3927,"comment_status":"open","ping_status":"closed","template":"","meta":[],"product_brand":[],"product_cat":[68],"product_tag":[],"class_list":{"0":"post-3850","1":"product","2":"type-product","3":"status-publish","4":"has-post-thumbnail","6":"product_cat-plugins-ia","8":"first","9":"instock","10":"downloadable","11":"virtual","12":"purchasable","13":"product-type-simple"},"_links":{"self":[{"href":"https:\/\/zenasnisolutions.com\/index.php?rest_route=\/wp\/v2\/product\/3850","targetHints":{"allow":["GET"]}}],"collection":[{"href":"https:\/\/zenasnisolutions.com\/index.php?rest_route=\/wp\/v2\/product"}],"about":[{"href":"https:\/\/zenasnisolutions.com\/index.php?rest_route=\/wp\/v2\/types\/product"}],"replies":[{"embeddable":true,"href":"https:\/\/zenasnisolutions.com\/index.php?rest_route=%2Fwp%2Fv2%2Fcomments&post=3850"}],"wp:featuredmedia":[{"embeddable":true,"href":"https:\/\/zenasnisolutions.com\/index.php?rest_route=\/wp\/v2\/media\/3927"}],"wp:attachment":[{"href":"https:\/\/zenasnisolutions.com\/index.php?rest_route=%2Fwp%2Fv2%2Fmedia&parent=3850"}],"wp:term":[{"taxonomy":"product_brand","embeddable":true,"href":"https:\/\/zenasnisolutions.com\/index.php?rest_route=%2Fwp%2Fv2%2Fproduct_brand&post=3850"},{"taxonomy":"product_cat","embeddable":true,"href":"https:\/\/zenasnisolutions.com\/index.php?rest_route=%2Fwp%2Fv2%2Fproduct_cat&post=3850"},{"taxonomy":"product_tag","embeddable":true,"href":"https:\/\/zenasnisolutions.com\/index.php?rest_route=%2Fwp%2Fv2%2Fproduct_tag&post=3850"}],"curies":[{"name":"wp","href":"https:\/\/api.w.org\/{rel}","templated":true}]}}