{"id":2830,"date":"2026-03-25T22:00:17","date_gmt":"2026-03-25T21:00:17","guid":{"rendered":"http:\/\/zenasnisolutions.com\/?page_id=2830"},"modified":"2026-03-25T22:00:17","modified_gmt":"2026-03-25T21:00:17","slug":"contact","status":"publish","type":"page","link":"https:\/\/zenasnisolutions.com\/?page_id=2830","title":{"rendered":"Contact"},"content":{"rendered":"\n<section class=\"zns-shell zns-simple-hero\">\n  <div class=\"zns-kicker\">Contact<\/div>\n  <h1>Nous contacter<\/h1>\n  <p>Pour toute demande li\u00e9e au site, aux contenus ou aux offres, utilisez les coordonn\u00e9es de contact publi\u00e9es par Zenasni Solutions.<\/p>\n  <p>Une page de contact plus compl\u00e8te pourra \u00eatre enrichie ensuite avec formulaire, email d\u00e9di\u00e9 et support client.<\/p>\n<\/section>\n","protected":false},"excerpt":{"rendered":"<p>Contact Nous contacter Pour toute demande li\u00e9e au site, aux contenus ou aux offres, utilisez les coordonn\u00e9es de contact publi\u00e9es par Zenasni Solutions. Une page de contact plus compl\u00e8te pourra \u00eatre enrichie ensuite avec formulaire, email d\u00e9di\u00e9 et support client.<\/p>\n","protected":false},"author":0,"featured_media":0,"parent":0,"menu_order":0,"comment_status":"closed","ping_status":"closed","template":"","meta":{"footnotes":""},"class_list":["post-2830","page","type-page","status-publish","hentry"],"_links":{"self":[{"href":"https:\/\/zenasnisolutions.com\/index.php?rest_route=\/wp\/v2\/pages\/2830","targetHints":{"allow":["GET"]}}],"collection":[{"href":"https:\/\/zenasnisolutions.com\/index.php?rest_route=\/wp\/v2\/pages"}],"about":[{"href":"https:\/\/zenasnisolutions.com\/index.php?rest_route=\/wp\/v2\/types\/page"}],"replies":[{"embeddable":true,"href":"https:\/\/zenasnisolutions.com\/index.php?rest_route=%2Fwp%2Fv2%2Fcomments&post=2830"}],"version-history":[{"count":0,"href":"https:\/\/zenasnisolutions.com\/index.php?rest_route=\/wp\/v2\/pages\/2830\/revisions"}],"wp:attachment":[{"href":"https:\/\/zenasnisolutions.com\/index.php?rest_route=%2Fwp%2Fv2%2Fmedia&parent=2830"}],"curies":[{"name":"wp","href":"https:\/\/api.w.org\/{rel}","templated":true}]}}